2) + 338/o?
2
What is the tens digit of 3 + (6 - 3) + (-1054)/(-2)?
3
Let t = 60 - 91. Let y(m) = m**2 + 7*m - 1. Let c be y(5). Let o = c + t. What is the units digit of o?
8
Let o(l) = 23*l - 15. Let c be o(-14). What is the tens digit of c/(-5) - (-14)/(-35)?
6
Let a = 233 - 149. What is the units digit of a?
4
Suppose 0 = 13*f + 736 - 11305. What is the tens digit of f?
1
Let g(p) be the second derivative of -p**3 + 2*p**2 - p. Let d(u) = -u + 5. Let v be d(9). What is the tens digit of g(v)?
2
Suppose 8*r - 11 + 3 = 0. Let t(x) = -x**2 + 5*x + 6. Let z be t(5). What is the tens digit of (r - -19)/(z/9)?
3
Suppose 3*n - 1410 = n - c, -3525 = -5*n + c. What is the tens digit of n?
0
Let v(n) = -n**2 + 8*n + 9. Let z be v(9). Suppose -3*x + 3*c + 201 = 0, -5*x - 5*c + 295 = -z*x. Suppose 0 = 4*j - 279 + x. What is the units digit of j?
4
What is the units digit of ((-12)/(-8))/(78/10816)?
8
Let i be 6/15 - (-2)/(-5). Suppose i*a - 10 = -2*a. Suppose 0 = -3*c + 3*l + 20 + 10, -30 = -5*c - a*l. What is the units digit of c?
8
Let i = -14 + 16. Let z(f) = -3*f**2 + f + 3. Let l be z(i). Let g(w) = -w + 1. What is the units digit of g(l)?
8
Let p(l) = l - 1. Let f be p(-11). Let v be f/(-7) - 12/(-42). Suppose -4*j - 2*y = -v*j - 20, -2*j + 45 = -3*y. What is the units digit of j?
5
What is the units digit of ((-12948)/18)/((-2)/3)?
9
Let n(d) = -d**2 - 5*d + 8. Let f = -3 + -3. Let x be n(f). Suppose -x*z - 9 - 3 = -4*r, -18 = z - 5*r. What is the units digit of z?
2
Let n = -502 - -775. Suppose -n = -3*a + 3*j, 4*a = -0*a - 5*j + 328. What is the units digit of a?
7
Suppose i - 420 = 165. What is the units digit of i?
5
Suppose 333*z = 322*z + 7029. What is the tens digit of z?
3
Let o(l) = -286*l - 435. What is the hundreds digit of o(-5)?
9
Let c = 8 - 2. Let v = c + -3. Suppose v*w + 6 = 4*w. What is the units digit of w?
6
Suppose h - m - 1836 = 0, 2*m - 1905 = -2*h + 1779. What is the tens digit of h?
3
Suppose 0 = 5*x - 5906 - 1764. What is the thousands digit of x?
1
What is the hundreds digit of ((-9)/6)/((-96)/129152)?
0
Let k = 72 + -104. Let p be 3/((-1)/k*6). What is the units digit of (2 - -2)*92/p?
3
Suppose 31 = -d - 12. Let f = d + 70. What is the tens digit of f?
2
Let t(q) = 12*q - 6. Let a be t(5). Let l(x) = -x**3 + 9*x**2 + 21*x - 2. Let u be l(11). Let r = a + u. What is the units digit of r?
1
Let i be ((-333)/(-6))/((-6)/36). What is the hundreds digit of -5 - (-8)/((-8)/i)?
3
Let l = 18 + -92. Let s = -494 - -474. What is the units digit of l/(-14) + s/70?
5
Suppose -2*m = -5*z - 2106, m - 1654 = 3*z - 600. What is the units digit of m?
8
Let r(v) = 5*v**2 - 2*v. Let g be r(2). Suppose -52 = -4*q + t, 0*t = -q + t + g. What is the tens digit of q?
1
Let r(c) = c**2 + 24*c - 187. What is the thousands digit of r(27)?
1
Suppose -4*c = -3*m - 289, 2*c = -2*c - 2*m + 294. Suppose -p - 3*f + c = -0*p, 3*p - 245 = 4*f. What is the tens digit of p?
7
Let o(a) = -4*a - 38. Let v be o(-10). What is the units digit of 6/24*v - (-474)/4?
9
Suppose -3*k = -27 + 303. Let t = k + 164. What is the tens digit of t?
7
Let i(h) = h**2 + h + 2. Let f be i(0). Let n = -9 - -12. Suppose q = 0, -m - f*q = n*q - 19. What is the tens digit of m?
1
Suppose 2043 - 46983 = -21*h. What is the units digit of h?
0
Let m(r) = 30*r**2 + 18*r - 93. What is the units digit of m(4)?
9
Suppose 0 = -8*h + 13*h - 65. Suppose -h*w + w = -3324. What is the units digit of w?
7
Suppose -5*j - 4*c + 17 = -8, 4*j = 5*c + 20. Suppose 0 = -2*t + j*t + 9. What is the tens digit of 3 + (t + 16 - 3)?
1
Let w be (5 - (9 - 4))/1. Suppose -2*q - 2*l + 388 = w, -5*l + 0 = -25. What is the hundreds digit of q?
1
Let k(u) = -7*u - 2. Let t(j) = j + 3. Let f be t(-9). Let a be k(f). Suppose 5*l + 10 = a. What is the units digit of l?
6
What is the units digit of (-28600)/(-64) + (-4)/(-32)?
7
Suppose 0 = -2*d + 457 + 113. Let a = d - 195. What is the tens digit of a?
9
Let t(c) = 5*c - 32. Let y be t(15). Let j = y - -145. What is the units digit of j?
8
Suppose -4*w + j = -9772, -33*w + 34*w = -3*j + 2430. What is the thousands digit of w?
2
Let a be (24/(-16))/(3/(-4)). Let y(s) = 46*s. Let v be y(a). Suppose 5*w = -4*k - k + 90, -5*k - 4*w + v = 0. What is the units digit of k?
0
Let a = -37 + 93. What is the tens digit of a?
5
What is the tens digit of (-51 - -264)*14/3?
9
Let s(f) be the first derivative of -4*f**2 - 18*f - 15. What is the units digit of s(-7)?
8
Let o(k) = -k**2 - k. Let q(x) = 184*x**2 - 7*x + 1. Let u(d) = -6*o(d) + q(d). Let f be u(1). What is the tens digit of (-6)/4 - f/(-4)?
4
Let k(l) = 8*l - 3. Let v be k(-6). Let n = v - -29. What is the tens digit of ((-8)/(-4))/((-2)/n)?
2
Let o(l) = 9*l**2 - 4*l - 8. What is the units digit of o(6)?
2
Suppose 5*y - 5*w = 1810, -109*w + 716 = 2*y - 107*w. What is the units digit of y?
0
Suppose 2*s = 6*s. Suppose 4*r = 5*k - 664, s = 2*k + 2*r - 375 + 113. Suppose 0 = 4*x - 3*w - 124, 6*x - 5*w = 2*x + k. What is the tens digit of x?
2
Let f be 3/(2/(1 + -3)). What is the units digit of 0 - (-3 + (f - 65 - -2))?
9
Let g = 0 - 9. Let v = 36 + g. What is the tens digit of v - 5/((-5)/(-3))?
2
What is the hundreds digit of -11 + (9 - 6) - -289?
2
Let j = 18 + -16. Suppose -370 = -7*z + j*z. What is the units digit of z?
4
Let z = 803 - 112. What is the tens digit of z?
9
Suppose 7*l - 2479 = 34. What is the tens digit of l?
5
Let k be (18/24)/((-1)/(-24)). Suppose 4*j = -2 - 14, -k = 2*f + 3*j. What is the tens digit of ((-46)/f)/((-6)/(-9))?
2
Let x = -1215 - -2163. What is the units digit of x?
8
Suppose 8*u - 2200 = 3*u. Suppose -532 + 192 = -4*k - 4*p, -5*k - 2*p = -u. What is the units digit of k?
0
Let g(c) = -c**2 - 14*c + 11. Let k be g(-14). Suppose w - k = -4*a, 2*a = -2*a - 2*w + 14. What is the tens digit of 1 - -1 - (-25 + a)?
2
What is the units digit of (-714)/3213 + (-12406)/(-18) + 1?
0
Let q be 2/(-13) + 60/52. What is the tens digit of (q - 1/(-1))/(30/2055)?
3
Suppose -2*o = -t + 23, -5*o - 66 = 2*t - 5*t. Let m = 9 - t. Let x = 0 - m. What is the units digit of x?
8
Suppose -25 = j + 4*j, -2*m + 47 = -5*j. Let q(s) = s - 3. Let g(o) = 1. Let d(i) = 7*g(i) + 2*q(i). What is the tens digit of d(m)?
2
Suppose 3*l - 36 = -5*n, -l = 4*n + 4*l - 34. Suppose 0*x + n*x - 36 = 0. What is the units digit of x?
6
Suppose -4*q = 4*l - 1352, l + 1329 + 337 = 5*q. What is the tens digit of q?
3
What is the thousands digit of 9/(-33) - (133380/(-99) - -8)?
1
Suppose 4*n = -n + 25. Suppose n*g + 5 = 550. Suppose -g - 15 = -4*w. What is the tens digit of w?
3
Let b = 40 - 39. Suppose -4*q + 89 = 3*d, 124 = 4*q - 5*d + d. Let f = q + b. What is the tens digit of f?
2
Suppose -11 = l + 2*x - 561, 0 = 4*l - 2*x - 2230. What is the units digit of l?
6
Let o(u) = 2*u**2 - u + 1. Let f be o(1). Suppose -f*a - 2*i - 502 = -7*a, 5*i = 3*a - 305. What is the hundreds digit of a?
1
Let o(x) = x**3 + 23*x**2 - 20*x + 76. What is the thousands digit of o(-19)?
1
Let c = -4 + 5. Suppose 0 = d - c - 2. Suppose 0*g - g + 20 = 4*w, 0 = 3*w + d*g - 6. What is the units digit of w?
6
Let b(y) = -35*y**3 - y**2 - 3*y - 2. Let p be b(-1). Let i = -26 + p. What is the units digit of i?
9
Suppose z = -v + 6, 6*z - 2 = 7*z - v. Suppose 2*f + j = -z*j + 420, f - 5*j - 210 = 0. What is the hundreds digit of f?
2
Suppose -16 = 3*n - 7*n. Suppose 2*d = -2*h + 14, 4*h = -n*d + 3*d + 22. Suppose h*i + 84 = 8*i. What is the units digit of i?
8
Let l = -869 - -1450. What is the units digit of l?
1
Suppose 19*d - 1860 = 14*d. What is the units digit of d?
2
Suppose 2*k - 4600 = -33*z + 29*z, 2*k + z - 4585 = 0. What is the hundreds digit of k?
2
What is the units digit of -4 - (-9)/(9/1154)?
0
Let a(c) = -c**2 + 11*c + 7. Suppose -2*f - 2 + 6 = 0. Suppose 3*m = -f*m + 30. What is the tens digit of a(m)?
3
What is the tens digit of 1285 - 0/((-1)/(2/2))?
8
Let v(r) = -r**2 + 3*r + 18. Let o be v(5). Suppose o*s - 556 = 604. What is the units digit of s?
5
Let j(v) = 161*v**2 - 10*v + 8. What is the thousands digit of j(3)?
1
Let v(y) = y**2 + 7*y + 7. Let n be v(-5). Let t(h) = -4 - 3*h**2 + 2*h - h**3 + h - 5*h. What is the units digit of t(n)?
2
Suppose -19*u = 47*u - 53394. What is the units digit of u?
9
Let d(r) be the second de